{"id":8112,"date":"2022-09-14T14:37:25","date_gmt":"2022-09-14T14:37:25","guid":{"rendered":"https:\/\/iris-cc.cat\/avis-legal"},"modified":"2022-12-14T14:10:33","modified_gmt":"2022-12-14T14:10:33","slug":"legal-notice","status":"publish","type":"page","link":"https:\/\/iris-cc.cat\/en\/legal-notice","title":{"rendered":"Legal notice"},"content":{"rendered":"\t\t<div data-elementor-type=\"wp-page\" data-elementor-id=\"8112\" class=\"elementor elementor-8112 elementor-7459\" data-elementor-post-type=\"page\">\n\t\t\t\t\t\t<section class=\"elementor-section elementor-top-section elementor-element elementor-element-26b1845 elementor-section-boxed elementor-section-height-default elementor-section-height-default\" data-id=\"26b1845\" data-element_type=\"section\">\n\t\t\t\t\t\t<div class=\"elementor-container elementor-column-gap-default\">\n\t\t\t\t\t<div class=\"elementor-column elementor-col-100 elementor-top-column elementor-element elementor-element-9361d7f\" data-id=\"9361d7f\" data-element_type=\"column\">\n\t\t\t<div class=\"elementor-widget-wrap elementor-element-populated\">\n\t\t\t\t\t\t<div class=\"elementor-element elementor-element-bfcc32f elementor-widget elementor-widget-heading\" data-id=\"bfcc32f\" data-element_type=\"widget\" data-widget_type=\"heading.default\">\n\t\t\t\t<div class=\"elementor-widget-container\">\n\t\t\t<h2 class=\"elementor-heading-title elementor-size-default\">Legal notice<\/h2>\t\t<\/div>\n\t\t\t\t<\/div>\n\t\t\t\t<div class=\"elementor-element elementor-element-db7372b elementor-widget elementor-widget-text-editor\" data-id=\"db7372b\" data-element_type=\"widget\" data-widget_type=\"text-editor.default\">\n\t\t\t\t<div class=\"elementor-widget-container\">\n\t\t\t\t\t\t\t<p>In accordance with the article 10 of the Law 34\/2002, on the 11th of July, of Information Society Services and Electronic Commerce Services (L.S.S.I.-C.E.), therefore, there are the identification company data:<\/p>\n<p><strong>Details of FUNDACI\u00d3 IRIS-CC (INSTITUT DE RECERCA I INNOVACI\u00d3 EN CI\u00c8NCIES DE LA VIDA I LA SALUT A LA CATALUNYA CENTRAL)<\/strong><br>\n<strong>Tax identification code (NIF): G09998055&nbsp;<\/strong><br>\n<strong>Address: CTRA. <\/strong><strong>DE RODA N\u00daM. 70 08500 VIC &#8211; BARCELONA, SPAIN<\/strong><br>\n<strong>Telephone: 938815537 <\/strong><br>\n<strong>E-mail: info@iris-cc.cat <\/strong><br>\n<strong>Web page: www.iris-cc.cat <\/strong><br>\n<strong>Foundations Registry: Registration number 3291 dated July 4, 2022<\/strong><\/p>\n<p><u>The purpose of the webpage<\/u><\/p>\n<p>The purpose of this webpage is to handle the user\u2019s consultations and requests. The current legal notice (from now on, the \u201cLegal Notice\u201d) regulates the use of the website: <a href=\"https:\/\/www.iris-cc.cat\">www.iris-cc.cat<\/a><\/p>\n<p><u>Legislation<\/u><\/p>\n<p>To full effects, relations between FUNDACI\u00d3 IRIS-CC (INSTITUT DE RECERCA I INNOVACI\u00d3 EN CI\u00c8NCIES DE LA VIDA I LA SALUT A LA CATALUNYA CENTRAL) \u201cthe Responsible\u201d and the users about its telematics services in the webpage are subject to the Spanish legislation and jurisdiction.<\/p>\n<p><u>The user\u2019s use and access<\/u><\/p>\n<p>The user is informed, and it accepts that the access to the webpage does not assume, in any case, the beginning of a commercial relation with the Responsible or neither of its delegations.<\/p>\n<p><u>Intellectual and Industrial Property<\/u><\/p>\n<p>The Responsible has the rights of intellectual property from the content of its webpages, graphic design and codes. So, it is forbidden its reproduction, distribution, public communication, transformation or any other activity that the user may realise with the contents of its webpages, neither to quote the sources, except with the written consent of the Responsible.<\/p>\n<p><u>Web\u2019s contents and links<\/u><\/p>\n<p>The Responsible reserves the right to refresh, modify or delete the information in their webpage and even limit or not allow the access to its information to certain users.<\/p>\n<p>The Responsible does not assume any responsibility for the information that it is content in the third&#8217;s webpages to which you may access by links from any the Responsible \u2018s webpages. These links in the Responsible\u2019s webpages have an informational purpose and, in any case, involves suggestion, invitation or recommendation of them.<\/p>\t\t\t\t\t\t<\/div>\n\t\t\t\t<\/div>\n\t\t\t\t\t<\/div>\n\t\t<\/div>\n\t\t\t\t\t<\/div>\n\t\t<\/section>\n\t\t\t\t<\/div>\n\t\t","protected":false},"excerpt":{"rendered":"<p>Legal notice In accordance with the article 10 of the Law 34\/2002, on the 11th of July, of Information Society Services and Electronic Commerce Services (L.S.S.I.-C.E.), therefore, there are the identification company data: Details of FUNDACI\u00d3 IRIS-CC (INSTITUT DE RECERCA I INNOVACI\u00d3 EN CI\u00c8NCIES DE LA VIDA I LA SALUT A LA CATALUNYA CENTRAL) Tax&hellip;<\/p>\n","protected":false},"author":1,"featured_media":0,"parent":0,"menu_order":0,"comment_status":"closed","ping_status":"closed","template":"","meta":{"footnotes":""},"class_list":["post-8112","page","type-page","status-publish","hentry"],"yoast_head":"<!-- This site is optimized with the Yoast SEO plugin v23.9 - https:\/\/yoast.com\/wordpress\/plugins\/seo\/ -->\n<title>Legal notice - IRIS-CC<\/title>\n<meta name=\"robots\" content=\"noindex, follow\" \/>\n<meta property=\"og:locale\" content=\"en_US\" \/>\n<meta property=\"og:type\" content=\"article\" \/>\n<meta property=\"og:title\" content=\"Legal notice - IRIS-CC\" \/>\n<meta property=\"og:description\" content=\"Legal notice In accordance with the article 10 of the Law 34\/2002, on the 11th of July, of Information Society Services and Electronic Commerce Services (L.S.S.I.-C.E.), therefore, there are the identification company data: Details of FUNDACI\u00d3 IRIS-CC (INSTITUT DE RECERCA I INNOVACI\u00d3 EN CI\u00c8NCIES DE LA VIDA I LA SALUT A LA CATALUNYA CENTRAL) Tax&hellip;\" \/>\n<meta property=\"og:url\" content=\"https:\/\/iris-cc.cat\/en\/legal-notice\" \/>\n<meta property=\"og:site_name\" content=\"IRIS-CC\" \/>\n<meta property=\"article:modified_time\" content=\"2022-12-14T14:10:33+00:00\" \/>\n<meta name=\"twitter:card\" content=\"summary_large_image\" \/>\n<meta name=\"twitter:label1\" content=\"Est. reading time\" \/>\n\t<meta name=\"twitter:data1\" content=\"2 minutes\" \/>\n<script type=\"application\/ld+json\" class=\"yoast-schema-graph\">{\"@context\":\"https:\/\/schema.org\",\"@graph\":[{\"@type\":\"WebPage\",\"@id\":\"https:\/\/iris-cc.cat\/en\/legal-notice\",\"url\":\"https:\/\/iris-cc.cat\/en\/legal-notice\",\"name\":\"Legal notice - IRIS-CC\",\"isPartOf\":{\"@id\":\"https:\/\/iris-cc.cat\/en#website\"},\"datePublished\":\"2022-09-14T14:37:25+00:00\",\"dateModified\":\"2022-12-14T14:10:33+00:00\",\"breadcrumb\":{\"@id\":\"https:\/\/iris-cc.cat\/en\/legal-notice#breadcrumb\"},\"inLanguage\":\"en-US\",\"potentialAction\":[{\"@type\":\"ReadAction\",\"target\":[\"https:\/\/iris-cc.cat\/en\/legal-notice\"]}]},{\"@type\":\"BreadcrumbList\",\"@id\":\"https:\/\/iris-cc.cat\/en\/legal-notice#breadcrumb\",\"itemListElement\":[{\"@type\":\"ListItem\",\"position\":1,\"name\":\"Inici\",\"item\":\"https:\/\/iris-cc.cat\/en\"},{\"@type\":\"ListItem\",\"position\":2,\"name\":\"Legal notice\"}]},{\"@type\":\"WebSite\",\"@id\":\"https:\/\/iris-cc.cat\/en#website\",\"url\":\"https:\/\/iris-cc.cat\/en\",\"name\":\"IRIS-CC\",\"description\":\"Institut de Recerca i Innovaci\u00f3 en Ci\u00e8ncies de la Vida i de la Salut a la Catalunya Central\",\"publisher\":{\"@id\":\"https:\/\/iris-cc.cat\/en#organization\"},\"potentialAction\":[{\"@type\":\"SearchAction\",\"target\":{\"@type\":\"EntryPoint\",\"urlTemplate\":\"https:\/\/iris-cc.cat\/en?s={search_term_string}\"},\"query-input\":{\"@type\":\"PropertyValueSpecification\",\"valueRequired\":true,\"valueName\":\"search_term_string\"}}],\"inLanguage\":\"en-US\"},{\"@type\":\"Organization\",\"@id\":\"https:\/\/iris-cc.cat\/en#organization\",\"name\":\"Institut de Recerca i Innovaci\u00f3 en Ci\u00e8ncies de la Vida i de la Salut a la Catalunya Central\",\"url\":\"https:\/\/iris-cc.cat\/en\",\"logo\":{\"@type\":\"ImageObject\",\"inLanguage\":\"en-US\",\"@id\":\"https:\/\/iris-cc.cat\/en#\/schema\/logo\/image\/\",\"url\":\"https:\/\/iris-cc.cat\/wp-content\/uploads\/2022\/08\/iris-cc-logo.png\",\"contentUrl\":\"https:\/\/iris-cc.cat\/wp-content\/uploads\/2022\/08\/iris-cc-logo.png\",\"width\":628,\"height\":172,\"caption\":\"Institut de Recerca i Innovaci\u00f3 en Ci\u00e8ncies de la Vida i de la Salut a la Catalunya Central\"},\"image\":{\"@id\":\"https:\/\/iris-cc.cat\/en#\/schema\/logo\/image\/\"}}]}<\/script>\n<!-- \/ Yoast SEO plugin. -->","yoast_head_json":{"title":"Legal notice - IRIS-CC","robots":{"index":"noindex","follow":"follow"},"og_locale":"en_US","og_type":"article","og_title":"Legal notice - IRIS-CC","og_description":"Legal notice In accordance with the article 10 of the Law 34\/2002, on the 11th of July, of Information Society Services and Electronic Commerce Services (L.S.S.I.-C.E.), therefore, there are the identification company data: Details of FUNDACI\u00d3 IRIS-CC (INSTITUT DE RECERCA I INNOVACI\u00d3 EN CI\u00c8NCIES DE LA VIDA I LA SALUT A LA CATALUNYA CENTRAL) Tax&hellip;","og_url":"https:\/\/iris-cc.cat\/en\/legal-notice","og_site_name":"IRIS-CC","article_modified_time":"2022-12-14T14:10:33+00:00","twitter_card":"summary_large_image","twitter_misc":{"Est. reading time":"2 minutes"},"schema":{"@context":"https:\/\/schema.org","@graph":[{"@type":"WebPage","@id":"https:\/\/iris-cc.cat\/en\/legal-notice","url":"https:\/\/iris-cc.cat\/en\/legal-notice","name":"Legal notice - IRIS-CC","isPartOf":{"@id":"https:\/\/iris-cc.cat\/en#website"},"datePublished":"2022-09-14T14:37:25+00:00","dateModified":"2022-12-14T14:10:33+00:00","breadcrumb":{"@id":"https:\/\/iris-cc.cat\/en\/legal-notice#breadcrumb"},"inLanguage":"en-US","potentialAction":[{"@type":"ReadAction","target":["https:\/\/iris-cc.cat\/en\/legal-notice"]}]},{"@type":"BreadcrumbList","@id":"https:\/\/iris-cc.cat\/en\/legal-notice#breadcrumb","itemListElement":[{"@type":"ListItem","position":1,"name":"Inici","item":"https:\/\/iris-cc.cat\/en"},{"@type":"ListItem","position":2,"name":"Legal notice"}]},{"@type":"WebSite","@id":"https:\/\/iris-cc.cat\/en#website","url":"https:\/\/iris-cc.cat\/en","name":"IRIS-CC","description":"Institut de Recerca i Innovaci\u00f3 en Ci\u00e8ncies de la Vida i de la Salut a la Catalunya Central","publisher":{"@id":"https:\/\/iris-cc.cat\/en#organization"},"potentialAction":[{"@type":"SearchAction","target":{"@type":"EntryPoint","urlTemplate":"https:\/\/iris-cc.cat\/en?s={search_term_string}"},"query-input":{"@type":"PropertyValueSpecification","valueRequired":true,"valueName":"search_term_string"}}],"inLanguage":"en-US"},{"@type":"Organization","@id":"https:\/\/iris-cc.cat\/en#organization","name":"Institut de Recerca i Innovaci\u00f3 en Ci\u00e8ncies de la Vida i de la Salut a la Catalunya Central","url":"https:\/\/iris-cc.cat\/en","logo":{"@type":"ImageObject","inLanguage":"en-US","@id":"https:\/\/iris-cc.cat\/en#\/schema\/logo\/image\/","url":"https:\/\/iris-cc.cat\/wp-content\/uploads\/2022\/08\/iris-cc-logo.png","contentUrl":"https:\/\/iris-cc.cat\/wp-content\/uploads\/2022\/08\/iris-cc-logo.png","width":628,"height":172,"caption":"Institut de Recerca i Innovaci\u00f3 en Ci\u00e8ncies de la Vida i de la Salut a la Catalunya Central"},"image":{"@id":"https:\/\/iris-cc.cat\/en#\/schema\/logo\/image\/"}}]}},"_links":{"self":[{"href":"https:\/\/iris-cc.cat\/en\/wp-json\/wp\/v2\/pages\/8112","targetHints":{"allow":["GET"]}}],"collection":[{"href":"https:\/\/iris-cc.cat\/en\/wp-json\/wp\/v2\/pages"}],"about":[{"href":"https:\/\/iris-cc.cat\/en\/wp-json\/wp\/v2\/types\/page"}],"author":[{"embeddable":true,"href":"https:\/\/iris-cc.cat\/en\/wp-json\/wp\/v2\/users\/1"}],"replies":[{"embeddable":true,"href":"https:\/\/iris-cc.cat\/en\/wp-json\/wp\/v2\/comments?post=8112"}],"version-history":[{"count":22,"href":"https:\/\/iris-cc.cat\/en\/wp-json\/wp\/v2\/pages\/8112\/revisions"}],"predecessor-version":[{"id":9836,"href":"https:\/\/iris-cc.cat\/en\/wp-json\/wp\/v2\/pages\/8112\/revisions\/9836"}],"wp:attachment":[{"href":"https:\/\/iris-cc.cat\/en\/wp-json\/wp\/v2\/media?parent=8112"}],"curies":[{"name":"wp","href":"https:\/\/api.w.org\/{rel}","templated":true}]}}

<div data-elementor-type="wp-page" data-elementor-id="8112" class="elementor elementor-8112 elementor-7459" data-elementor-post-type="page">
						<section class="elementor-section elementor-top-section elementor-element elementor-element-26b1845 elementor-section-boxed elementor-section-height-default elementor-section-height-default" data-id="26b1845" data-element_type="section">
						<div class="elementor-container elementor-column-gap-default">
					<div class="elementor-column elementor-col-100 elementor-top-column elementor-element elementor-element-9361d7f" data-id="9361d7f" data-element_type="column">
			<div class="elementor-widget-wrap elementor-element-populated">
						<div class="elementor-element elementor-element-bfcc32f elementor-widget elementor-widget-heading" data-id="bfcc32f" data-element_type="widget" data-widget_type="heading.default">
				<div class="elementor-widget-container">
			<h2 class="elementor-heading-title elementor-size-default">Legal notice</h2>		</div>
				</div>
				<div class="elementor-element elementor-element-db7372b elementor-widget elementor-widget-text-editor" data-id="db7372b" data-element_type="widget" data-widget_type="text-editor.default">
				<div class="elementor-widget-container">
							<p>In accordance with the article 10 of the Law 34/2002, on the 11th of July, of Information Society Services and Electronic Commerce Services (L.S.S.I.-C.E.), therefore, there are the identification company data:</p>
<p><strong>Details of FUNDACIÓ IRIS-CC (INSTITUT DE RECERCA I INNOVACIÓ EN CIÈNCIES DE LA VIDA I LA SALUT A LA CATALUNYA CENTRAL)</strong><br>
<strong>Tax identification code (NIF): G09998055&nbsp;</strong><br>
<strong>Address: CTRA. </strong><strong>DE RODA NÚM. 70 08500 VIC &#8211; BARCELONA, SPAIN</strong><br>
<strong>Telephone: 938815537 </strong><br>
<strong>E-mail: info@iris-cc.cat </strong><br>
<strong>Web page: www.iris-cc.cat </strong><br>
<strong>Foundations Registry: Registration number 3291 dated July 4, 2022</strong></p>
<p><u>The purpose of the webpage</u></p>
<p>The purpose of this webpage is to handle the user’s consultations and requests. The current legal notice (from now on, the “Legal Notice”) regulates the use of the website: <a href="https://www.iris-cc.cat">www.iris-cc.cat</a></p>
<p><u>Legislation</u></p>
<p>To full effects, relations between FUNDACIÓ IRIS-CC (INSTITUT DE RECERCA I INNOVACIÓ EN CIÈNCIES DE LA VIDA I LA SALUT A LA CATALUNYA CENTRAL) “the Responsible” and the users about its telematics services in the webpage are subject to the Spanish legislation and jurisdiction.</p>
<p><u>The user’s use and access</u></p>
<p>The user is informed, and it accepts that the access to the webpage does not assume, in any case, the beginning of a commercial relation with the Responsible or neither of its delegations.</p>
<p><u>Intellectual and Industrial Property</u></p>
<p>The Responsible has the rights of intellectual property from the content of its webpages, graphic design and codes. So, it is forbidden its reproduction, distribution, public communication, transformation or any other activity that the user may realise with the contents of its webpages, neither to quote the sources, except with the written consent of the Responsible.</p>
<p><u>Web’s contents and links</u></p>
<p>The Responsible reserves the right to refresh, modify or delete the information in their webpage and even limit or not allow the access to its information to certain users.</p>
<p>The Responsible does not assume any responsibility for the information that it is content in the third&#8217;s webpages to which you may access by links from any the Responsible ‘s webpages. These links in the Responsible’s webpages have an informational purpose and, in any case, involves suggestion, invitation or recommendation of them.</p>						</div>
				</div>
					</div>
		</div>
					</div>
		</section>
				</div>

<p>Legal notice In accordance with the article 10 of the Law 34/2002, on the 11th of July, of Information Society Services and Electronic Commerce Services (L.S.S.I.-C.E.), therefore, there are the identification company data: Details of FUNDACIÓ IRIS-CC (INSTITUT DE RECERCA I INNOVACIÓ EN CIÈNCIES DE LA VIDA I LA SALUT A LA CATALUNYA CENTRAL) Tax&hellip;</p>

<!-- This site is optimized with the Yoast SEO plugin v23.9 - https://yoast.com/wordpress/plugins/seo/ -->
<title>Legal notice - IRIS-CC</title>
<meta name="robots" content="noindex, follow" />
<meta property="og:locale" content="en_US" />
<meta property="og:type" content="article" />
<meta property="og:title" content="Legal notice - IRIS-CC" />
<meta property="og:description" content="Legal notice In accordance with the article 10 of the Law 34/2002, on the 11th of July, of Information Society Services and Electronic Commerce Services (L.S.S.I.-C.E.), therefore, there are the identification company data: Details of FUNDACIÓ IRIS-CC (INSTITUT DE RECERCA I INNOVACIÓ EN CIÈNCIES DE LA VIDA I LA SALUT A LA CATALUNYA CENTRAL) Tax&hellip;" />
<meta property="og:url" content="https://iris-cc.cat/en/legal-notice" />
<meta property="og:site_name" content="IRIS-CC" />
<meta property="article:modified_time" content="2022-12-14T14:10:33+00:00" />
<meta name="twitter:card" content="summary_large_image" />
<meta name="twitter:label1" content="Est. reading time" />
	<meta name="twitter:data1" content="2 minutes" />
<script type="application/ld+json" class="yoast-schema-graph">{"@context":"https://schema.org","@graph":[{"@type":"WebPage","@id":"https://iris-cc.cat/en/legal-notice","url":"https://iris-cc.cat/en/legal-notice","name":"Legal notice - IRIS-CC","isPartOf":{"@id":"https://iris-cc.cat/en#website"},"datePublished":"2022-09-14T14:37:25+00:00","dateModified":"2022-12-14T14:10:33+00:00","breadcrumb":{"@id":"https://iris-cc.cat/en/legal-notice#breadcrumb"},"inLanguage":"en-US","potentialAction":[{"@type":"ReadAction","target":["https://iris-cc.cat/en/legal-notice"]}]},{"@type":"BreadcrumbList","@id":"https://iris-cc.cat/en/legal-notice#breadcrumb","itemListElement":[{"@type":"ListItem","position":1,"name":"Inici","item":"https://iris-cc.cat/en"},{"@type":"ListItem","position":2,"name":"Legal notice"}]},{"@type":"WebSite","@id":"https://iris-cc.cat/en#website","url":"https://iris-cc.cat/en","name":"IRIS-CC","description":"Institut de Recerca i Innovació en Ciències de la Vida i de la Salut a la Catalunya Central","publisher":{"@id":"https://iris-cc.cat/en#organization"},"potentialAction":[{"@type":"SearchAction","target":{"@type":"EntryPoint","urlTemplate":"https://iris-cc.cat/en?s={search_term_string}"},"query-input":{"@type":"PropertyValueSpecification","valueRequired":true,"valueName":"search_term_string"}}],"inLanguage":"en-US"},{"@type":"Organization","@id":"https://iris-cc.cat/en#organization","name":"Institut de Recerca i Innovació en Ciències de la Vida i de la Salut a la Catalunya Central","url":"https://iris-cc.cat/en","logo":{"@type":"ImageObject","inLanguage":"en-US","@id":"https://iris-cc.cat/en#/schema/logo/image/","url":"https://iris-cc.cat/wp-content/uploads/2022/08/iris-cc-logo.png","contentUrl":"https://iris-cc.cat/wp-content/uploads/2022/08/iris-cc-logo.png","width":628,"height":172,"caption":"Institut de Recerca i Innovació en Ciències de la Vida i de la Salut a la Catalunya Central"},"image":{"@id":"https://iris-cc.cat/en#/schema/logo/image/"}}]}</script>
<!-- / Yoast SEO plugin. -->

Legal notice In accordance with the article 10 of the Law 34/2002, on the 11th of July, of Information Society Services and Electronic Commerce Services (L.S.S.I.-C.E.), therefore, there are the identification company data: Details of FUNDACIÓ IRIS-CC (INSTITUT DE RECERCA I INNOVACIÓ EN CIÈNCIES DE LA VIDA I LA SALUT A LA CATALUNYA CENTRAL) Tax&hellip;

Institut de Recerca i Innovació en Ciències de la Vida i de la Salut a la Catalunya Central
