{"version":"1.0","provider_name":"IRIS-CC","provider_url":"https:\/\/iris-cc.cat\/es","author_name":"Marta Ledesma","author_url":"https:\/\/iris-cc.cat\/es\/author\/mledesmairis-cc-cat","title":"Aprobada la convocatoria AES del ISCIII - IRIS-CC","type":"rich","width":600,"height":338,"html":"<blockquote class=\"wp-embedded-content\" data-secret=\"TOhRYOFLBP\"><a href=\"https:\/\/iris-cc.cat\/es\/11231\">Aprobada la convocatoria AES del ISCIII<\/a><\/blockquote><iframe sandbox=\"allow-scripts\" security=\"restricted\" src=\"https:\/\/iris-cc.cat\/es\/11231\/embed#?secret=TOhRYOFLBP\" width=\"600\" height=\"338\" title=\"\u00abAprobada la convocatoria AES del ISCIII\u00bb \u2014 IRIS-CC\" data-secret=\"TOhRYOFLBP\" frameborder=\"0\" marginwidth=\"0\" marginheight=\"0\" scrolling=\"no\" class=\"wp-embedded-content\"><\/iframe><script>\n\/*! This file is auto-generated *\/\n!function(d,l){\"use strict\";l.querySelector&&d.addEventListener&&\"undefined\"!=typeof URL&&(d.wp=d.wp||{},d.wp.receiveEmbedMessage||(d.wp.receiveEmbedMessage=function(e){var t=e.data;if((t||t.secret||t.message||t.value)&&!\/[^a-zA-Z0-9]\/.test(t.secret)){for(var s,r,n,a=l.querySelectorAll('iframe[data-secret=\"'+t.secret+'\"]'),o=l.querySelectorAll('blockquote[data-secret=\"'+t.secret+'\"]'),c=new RegExp(\"^https?:$\",\"i\"),i=0;i<o.length;i++)o[i].style.display=\"none\";for(i=0;i<a.length;i++)s=a[i],e.source===s.contentWindow&&(s.removeAttribute(\"style\"),\"height\"===t.message?(1e3<(r=parseInt(t.value,10))?r=1e3:~~r<200&&(r=200),s.height=r):\"link\"===t.message&&(r=new URL(s.getAttribute(\"src\")),n=new URL(t.value),c.test(n.protocol))&&n.host===r.host&&l.activeElement===s&&(d.top.location.href=t.value))}},d.addEventListener(\"message\",d.wp.receiveEmbedMessage,!1),l.addEventListener(\"DOMContentLoaded\",function(){for(var e,t,s=l.querySelectorAll(\"iframe.wp-embedded-content\"),r=0;r<s.length;r++)(t=(e=s[r]).getAttribute(\"data-secret\"))||(t=Math.random().toString(36).substring(2,12),e.src+=\"#?secret=\"+t,e.setAttribute(\"data-secret\",t)),e.contentWindow.postMessage({message:\"ready\",secret:t},\"*\")},!1)))}(window,document);\n\/\/# sourceURL=https:\/\/iris-cc.cat\/wp-includes\/js\/wp-embed.min.js\n<\/script>\n","description":"El Consejo de Ministros aprob\u00f3 ayer martes, 14 de marzo, la convocatoria de la Acci\u00f3n Estrat\u00e9gica en Salud (AES) 2023, que contar\u00e1 con m\u00e1s de 144 millones de euros de presupuesto para 15 ayudas. Esta convocatoria, que gestiona el Instituto de Salud Carlos III (ISCIII), es la principal herramienta anual para financiar la investigaci\u00f3n biom\u00e9dica&hellip;"}

El Consejo de Ministros aprobó ayer martes, 14 de marzo, la convocatoria de la Acción Estratégica en Salud (AES) 2023, que contará con más de 144 millones de euros de presupuesto para 15 ayudas. Esta convocatoria, que gestiona el Instituto de Salud Carlos III (ISCIII), es la principal herramienta anual para financiar la investigación biomédica&hellip;
